+ 22530 = 3*r, -81*x + 76*x + 15035 = 2*r. What are the prime factors of r?
5, 1499
Let z(i) = 40580*i**3 + 8*i**2 - 13*i + 8. List the prime factors of z(1).
40583
Suppose -188 = x - 196. List the prime factors of ((-320)/(-12))/x*(-18909)/(-55).
2, 3, 191
Suppose 4*c - 22140 = -0*c + 2*j, 2*j = -c + 5545. Suppose 15*d - 2068 = c. What are the prime factors of d?
3, 13
Let i = -10 - -12. Let k(y) = 120*y**3 + i*y - y - 617*y**2 - 1 + 617*y**2. What are the prime factors of k(1)?
2, 3, 5
Suppose 15*v + 47120 = 110*v. What are the prime factors of v?
2, 31
List the prime factors of (-14)/8 + 3462340/112 + -29.
89, 347
Let p = 17400 - 9221. List the prime factors of p.
8179
Suppose -515*r - 84 = -503*r. Let s(b) = -188*b - 17. What are the prime factors of s(r)?
3, 433
Let h(a) = -371*a + 2225. What are the prime factors of h(-92)?
3, 12119
Suppose -89*f + 15*f = -400784. List the prime factors of f.
2, 677
Suppose -145 = -155*y + 156*y. Let c = 294 + y. What are the prime factors of c?
149
Suppose -l = -2*l - 4*l. Suppose 3*u + 569 = 5*i, l*i + u + 458 = 4*i. List the prime factors of i.
5, 23
Let a(q) be the second derivative of 5/6*q**3 + 43/3*q**4 + 4*q + q**2 + 0. List the prime factors of a(-1).
13
Suppose -128*a = -124*a. Suppose -2*n - 10*x + 6*x + 130 = 0, a = 2*n - x - 120. List the prime factors of n.
61
Let l(s) = 3682*s**2 - 49*s - 273. What are the prime factors of l(-4)?
5, 7, 41
Let u be ((-10)/9)/(-5) + 136/36. Suppose 8 = -u*h - 4, 0 = -2*m + 4*h - 1092. What are the prime factors of 15/(-3) + m/(-2)?
271
Suppose -255*t + 258*t - x - 10668 = 0, 3*x = -2*t + 7123. List the prime factors of t.
3557
What are the prime factors of 23994806/453 - (-6)/(-9)?
2, 3, 2207
Suppose -3*j - 3*k = -20976, j + 13996 = 3*j - 4*k. What are the prime factors of j?
2, 13, 269
Suppose 0 = -14*u + 10991 + 97369. Suppose u = -26*n + 30*n. Suppose 16*g - n - 1009 = 0. What are the prime factors of g?
2, 23
Let x(k) = k. Let l(m) = 9*m - 37. Let a(t) = l(t) - 3*x(t). What are the prime factors of a(31)?
149
Let i(t) = -t**2 + t + 1. Let r(l) = -l**2 + 4*l + 9. Let q(j) = -4*i(j) + r(j). Let o be q(3). What are the prime factors of 0/1 + o/12*6?
2
Let y(d) = 7*d - 2. Let x be (20 - 19)*3*8/6. What are the prime factors of y(x)?
2, 13
Let r(j) = 1036*j + 5254. List the prime factors of r(19).
2, 37, 337
Let g = -7 + -3. Suppose 6*l = 114*l + 127872. List the prime factors of l/(-10) + (1 - (-14)/g).
2, 59
Let r = -61 - -65. Suppose 29 = r*o - 67. Suppose -o*v + 23*v = -218. List the prime factors of v.
2, 109
Suppose 2*h - 84 = -10*h. Suppose x + 14 = 4*m - 2*m, 2*m - 38 = -5*x. Suppose h*c = m*c - 148. What are the prime factors of c?
2, 37
Suppose -83020 = -4*t + 3*k + k, -4*t + 83008 = 2*k. List the prime factors of t.
20753
List the prime factors of (-26992)/10*((-6)/(-4))/((-32)/320).
2, 3, 7, 241
Let j be (105/12)/((-1)/4). Let d = 37 + j. Suppose d*c - 197 - 123 = 0. List the prime factors of c.
2, 5
Suppose 47*u + 276 = 59*u. Suppose 5*b - 4583 = -3*j, -18 + u = 5*j. List the prime factors of b.
2, 229
Let o(g) = 117*g**2 - 64*g + 482. List the prime factors of o(9).
11, 853
Let v = -63961 + 103940. List the prime factors of v.
39979
Let x be -1329 + 4 + -1 + -10. Let c = x + 2350. List the prime factors of c.
2, 3, 13
Let y(x) = x**2 - 11*x + 20. Let n be y(10). Let m(c) = -c**3 + 11*c**2 - 7*c + 6. Let t be m(n). Let f = t - -26. List the prime factors of f.
2, 31
What are the prime factors of 14473/2 + ((-207)/6)/(-23)?
2, 7, 11, 47
Let d = -1585 - -2377. Suppose 3*v + d - 2829 = 3*f, -2724 = -4*v + 2*f. What are the prime factors of v?
683
List the prime factors of (-6*2/(-15))/(44/1664850).
2, 3, 5, 1009
Suppose -255*n + 2200430 = 38*n. What are the prime factors of n?
2, 5, 751
List the prime factors of (30 - -235) + 4*-2.
257
Let f(v) = -691*v - 32. Let x be f(-4). Let j = -1872 + x. List the prime factors of j.
2, 5, 43
Let a(o) = -o**3 + 16*o**2 + 19*o - 61. Let z be (4 - 7)*48/(-9). List the prime factors of a(z).
3
Let n = -10444 - -20534. List the prime factors of n.
2, 5, 1009
Let d(q) = 8*q + 14. Let c be d(-3). What are the prime factors of (-1190)/c*(2 - 1)?
7, 17
Let j(k) = -39*k + 1205. What are the prime factors of j(19)?
2, 29
Let k be ((-21)/15)/(-2 - 27/(-15)). Let f = 82 + k. List the prime factors of f.
89
Suppose -3*y + 4943 + 6166 = 0. Suppose -o + y = 6*o. What are the prime factors of o?
23
Let k(i) = -i**2 + 149*i - 310. What are the prime factors of k(81)?
2, 23, 113
Let v(f) = f**2 - 7*f - 18. Let x be v(8). What are the prime factors of (x/(-4))/((-1)/(-38))?
5, 19
Suppose 0 = 4*u + 2*a - 18, -2*u - 8 = -5*a + 1. Suppose -2*k = -4*p - 526, -3*k - u*p - p = -839. Suppose -8*n = -5*n - k. What are the prime factors of n?
7, 13
Let w = 34791 + -27177. List the prime factors of w.
2, 3, 47
Let f = 8179 + -2703. List the prime factors of f.
2, 37
Let t(i) = i**3 - 8*i**2 + 15*i - 18. Let y be t(6). Suppose 5*m = 3*q + 83 + 101, y = -5*m - 4*q + 163. What are the prime factors of m?
5, 7
Let i = 35367 - -27802. List the prime factors of i.
181, 349
Suppose 395*r = 370*r + 229300. List the prime factors of r.
2, 2293
Let o(q) = 4*q - 69. Let t be o(18). What are the prime factors of -2 - (103/(-2))/(t/6)?
101
Let b(g) = 104*g**2 - 5 + 3 - 61*g**2 - 21*g + 0. What are the prime factors of b(2)?
2
What are the prime factors of -599*(5 - (-80)/(-2)) + 3?
2, 2621
Suppose 746 = -2*u + 2*d + 208, -5*u + 2*d = 1342. Let l = -151 - u. List the prime factors of l.
3, 13
Let p be (-6)/12*0 + -3 + 16. Suppose -p*b + 25*b - 2712 = 0. What are the prime factors of b?
2, 113
Let t be (-3)/2*(78 - (1 - -1)). Let m = 160 - t. What are the prime factors of m?
2, 137
Let f(p) be the second derivative of p**5/20 - p**4/2 - p**3/6 - 12*p**2 - 20*p. Let i be f(6). What are the prime factors of ((-199)/(-2))/(-5*3/i)?
199
Let n(f) = -5*f - 62. Let t be n(-10). What are the prime factors of 3*4/t*-368?
2, 23
Let m(s) = -5*s + 21. Let o be m(3). Suppose o*j + 5 - 53 = 0. Suppose -12*f + j*f = -388. What are the prime factors of f?
97
Let a(g) = 40 - 40 - 102*g - 13. What are the prime factors of a(-3)?
293
Let z be 10/50*(-2 - (0 + -2)). Suppose -4 = 2*c, -136 = -h + 6*c - 2*c. Suppose 0 = -z*m - m + h. What are the prime factors of m?
2
Suppose 282558 + 40992 = 10*o. List the prime factors of o.
3, 5, 719
Let w(v) be the third derivative of -v**6/120 + 37*v**5/60 - 97*v**4/24 - 101*v**3/6 + 106*v**2. What are the prime factors of w(32)?
5, 383
Suppose 18371 = 4*u + o, -5428 = -3*u + o + 8345. What are the prime factors of u?
2, 7, 41
Suppose -4*o = -3*o - 5. Suppose 4*b + 17 - 249 = 4*w, 0 = o*b + w - 314. Suppose -3*h = -5*h + b. List the prime factors of h.
31
Let y(x) = x**2 + 4*x - 6. Let a be y(-5). Suppose -3*g + 80 = 68. What are the prime factors of 2 + a/1 - -168 - g?
3, 5, 11
Let f = 13121 - 9824. What are the prime factors of f?
3, 7, 157
Let s(q) = q**3 + 4*q**2 + 2*q - 11. Let x be s(5). Suppose 2*m = -5*m + x. Suppose 10*l - 14*l = -m. What are the prime factors of l?
2
Suppose 0 = -4*d + 7*d + 6. Let k be (d - -3)*(6 + 25). Suppose -3*j - k = -166. List the prime factors of j.
3, 5
Let r(t) = 4*t - 7. Let d(y) = y - 1. Let k(o) = 24*d(o) + 3*r(o). List the prime factors of k(4).
3, 11
Let z(h) = -h**3 + 16*h**2 + 8*h + 83. What are the prime factors of z(16)?
211
Suppose -3*d = -35 - 55. What are the prime factors of (-8 + d)/(4/18)?
3, 11
Let k(j) = 24*j + 25 + 37 - 5*j - 46*j. What are the prime factors of k(-12)?
2, 193
Let v be (-4)/14 - (-2968)/98. Suppose -8*p = -v - 10. Suppose -2*x - g = -416, 5*x - 308 = -p*g + 727. List the prime factors of x.
11, 19
Suppose -4*f = -v - 6*f + 16, -5*v - 4*f + 62 = 0. Suppose -v*x = 12 - 1602. What are the prime factors of x?
3, 53
Let x = -540 + 543. Suppose 5*d - 1506 = v, 0 = -d - x*v + 427 - 113. List the prime factors of d.
2, 151
Suppose 214*k = 212*k + 20752. What are the prime factors of k?
2, 1297
List the prime factors of ((-5868)/7)/(5061/(-294) - -17).
2, 3, 163
Let l(a) = -3*a - 25. Let i be l(-9). Let u = i - -501. What are the prime factors of u?
503
Let t be (-2)/8 + 1106/8. Let r(c) = c**2 - 20*c + 31. Let o be r(10). Let g = t + o. What are the prime factors of g?
